21333
-6637a0 (base 11) to base 15
-15dc1c
Convert 203434212 (base 5) to base 15.
119bdc
What is -10b7b93 (base 13) in base 15?
-6bd5e3
222001013 (base 4) to base 10
172103
673ad8 (base 15) to base 7
56563235
6113234 (base 7) to base 4
2301103232
What is 24064 (base 15) in base 16?
1c09c
Convert -10222110122 (base 3) to base 16.
-13208
What is -11113324 (base 5) in base 13?
-35789
Convert -20232111 (base 4) to base 7.
-206115
218724 (base 12) to base 9
1002441
Convert -1489222 (base 11) to base 9.
-4708241
Convert 123212 (base 4) to base 16.
6e6
Convert c11a (base 13) to base 5.
1322211
Convert 1d2279 (base 16) to base 9.
3530141
What is 15452463 (base 7) in base 8?
5541754
Convert -156250 (base 8) to base 7.
-323455
-413214 (base 6) to base 15
-9c3a
What is -3115334 (base 6) in base 16?
-24aea
Convert -334760 (base 9) to base 10.
-200367
What is 33534 (base 8) in base 16?
375c
Convert 4082725 (base 9) to base 2.
1000010100010011001100
What is 63578 (base 12) in base 2?
11111110101101100
Convert -2002000442 (base 5) to base 6.
-220221422
What is -10002110100 (base 3) in base 11?
-4178a
What is 11485a (base 12) in base 13?
99529
3541c9 (base 13) to base 12
51063a
What is -10121000101022 (base 3) in base 4?
-13102030121
-86825 (base 11) to base 9
-211881
What is -43507644 (base 8) in base 11?
-53014a1
What is -2b1a1a (base 13) in base 16?
-102f3b
Convert -c94223 (base 13) to base 14.
-8aca5a
What is -1a095b9 (base 12) in base 3?
-101022221211220
What is 420705 (base 8) in base 13?
4b796
What is -22035444 (base 6) in base 10?
-658324
Convert -1250651 (base 9) to base 7.
-5542615
Convert -1da26 (base 14) to base 12.
-38042
Convert -411221011 (base 5) to base 6.
-55355053
Convert 42310324 (base 5) to base 2.
1010110011000101111
Convert -61332 (base 10) to base 11.
-42097
Convert -1206454 (base 7) to base 15.
-30771
30112320311 (base 4) to base 13
895667
11733752 (base 8) to base 16
27b7ea
What is 13919051 (base 10) in base 14?
1bc477d
75a303 (base 12) to base 3
10111122212010
-11640121 (base 9) to base 15
-77764d
Convert -46663 (base 9) to base 15.
-9376
Convert -1010100100101110101 (base 2) to base 9.
-577253
-520115 (base 14) to base 2
-1010100011010101010111
-312110311 (base 4) to base 6
-4434101
What is 2100121021211 (base 3) in base 7?
13432603
What is 5891b (base 14) in base 6?
4343101
Convert 1331432 (base 5) to base 13.
c45c
What is -400210024 (base 5) in base 11?
-982118
327220 (base 9) to base 2
101111101111100000
What is 15501563 (base 8) in base 9?
6644610
Convert -1012031233 (base 4) to base 10.
-287599
Convert -381258 (base 9) to base 7.
-1650146
2237484 (base 9) to base 11
754235
What is 152412 (base 9) in base 16?
16dcf
What is -122020020 (base 4) in base 7?
-624000
What is 7263cc (base 13) in base 7?
31460226
Convert -98624 (base 12) to base 10.
-201340
-154622 (base 8) to base 10
-55698
Convert 1e1e2f (base 16) to base 5.
1001130212
Convert -56a9696 (base 12) to base 7.
-261331644
What is -1ab2c (base 15) in base 11?
-5a313
What is 1101032021 (base 4) in base 10?
332681
Convert 647752 (base 8) to base 6.
4352534
Convert 1010011101110001 (base 2) to base 11.
2a229
659a82 (base 15) to base 13
1006c7c
Convert -31809 (base 12) to base 9.
-108260
What is 4506a (base 11) in base 7?
361236
Convert -507220 (base 8) to base 11.
-104995
Convert -13332032 (base 7) to base 4.
-10231132013
Convert -461879 (base 10) to base 12.
-1a335b
Convert -43713 (base 12) to base 14.
-246bd
52a187 (base 13) to base 10
1935837
What is -100110021001201 (base 3) in base 11?
-2921929
Convert -2080363 (base 9) to base 16.
-110616
Convert -2623292 (base 13) to base 14.
-182d494
What is 10da35 (base 15) in base 14?
16d7d4
Convert 133212524 (base 6) to base 16.
28d884
Convert 11010001000110111 (base 2) to base 12.
51b5b
What is -4120210 (base 5) in base 6?
-1233510
Convert -41644336 (base 7) to base 13.
-964bc7
Convert 232767b (base 13) to base 12.
3769962
Convert -2021123210 (base 4) to base 16.
-896e4
-2a1f (base 16) to base 4
-2220133
96de6 (base 16) to base 13
188373
What is -221021112 (base 3) in base 12?
-a7b8
-20606840 (base 9) to base 3
-200200020221100
What is -684a6 (base 16) in base 3?
-210200222021
Convert -6410201 (base 7) to base 3.
-1110101221202
What is c5bc6 (base 13) in base 10?
355738
What is 1316dd (base 16) in base 9?
2316081
What is -420420123 (base 5) in base 9?
-3230532
10506700 (base 8) to base 15
2eae77
-32203514 (base 6) to base 9
-1706431
-78c2c (base 15) to base 6
-12122153
What is -144123111 (base 6) in base 12?
-1006497
What is 121220 (base 3) in base 6?
2040
Convert -3056218 (base 9) to base 7.
-16604042
1e365 (base 16) to base 9
207668
Convert 4190981 (base 11) to base 13.
16b530c
-cc1903 (base 14) to base 16
-6994df
-111944 (base 12) to base 13
-97138
What is 1789225 (base 11) in base 2?
1011100011010101000110
Convert 19280 (base 15) to base 4.
103322202
629bd8 (base 14) to base 5
1323041233
What is -1456127 (base 8) in base 13?
-11797a
11774673 (base 9) to base 13
1273740
What is -6537425 (base 9) in base 2?
-1101011000101100100000
Convert -322314310 (base 6) to base 14.
-a8b986
Convert 10221130222 (base 4) to base 10.
1218346
What is 7172656 (base 8) in base 6?
104402330
What is -69275c (base 14) in base 12?
-1247666
Convert -12a13 (base 16) to base 4.
-102220103
-31a34 (base 12) to base 7
-361501
Convert -114118 (base 9) to base 15.
-154ee
290160 (base 12) to base 2
10100111000111011000
Convert 11011212000100 (base 3) to base 11.
1287969
Convert 76491 (base 12) to base 7.
1220260
Convert -13ea516 (base 15) to base 12.
-49b0610
What is -44c32 (base 15) in base 4?
-311121323
What is 1110110010011001000 (base 2) in base 9?
817611
4460741 (base 9) to base 5
1103330210
Convert -12153121 (base 6) to base 5.
-44410301
Convert -4745660 (base 12) to base 13.
-2b15539
-652642 (base 7) to base 5
-12120412
Convert 755607 (base 8) to base 3.
110211210020
What is -2166440 (base 7) in base 14?
-6dd57
10111110010101000010001 (base 2) to base 11
357a798
What is 2021221012001 (base 3) in base 9?
2257161
Convert -aa4627 (base 13) to base 11.
-2298608
What is 10120232012 (base 4) in base 9?
2142238
What is -19471 (base 10) in base 6?
-230051
Convert -12206425 (base 7) to base 13.
-2c438b
What is 3704232 (base 8) in base 14?
1c6dd0
Convert 278008 (base 12) to base 10.
656648
Convert 117a94 (base 14) to base 12.
24996a
What is -92ca9 (base 14) in base 2?
-1010110010111000101
42405 (base 11) to base 14
186c3
-1489396 (base 11) to base 7
-30430550
21122021001 (base 3) to base 10
150364
What is -212023101 (base 4) in base 3?
-21221111110
Convert 530316 (base 8) to base 12.
86066
100101111001111100 (base 2) to base 6
3154444
Convert 555351235 (base 6) to base 5.
10033424114
What is -11101010100000010001101 (base 2) in base 12?
-26a6a91
-1110212100220 (base 3) to base 16
-bf91f
Convert -2113002 (base 5) to base 9.
-53467
-2012021221022 (base 3) to base 14
-225471
What is 111111111000110101100 (base 2) in base 9?
3840643
-4506162 (base 8) to base 12
-4a7582
Convert -271587 (base 9) to base 7.
-1255513
-27653063 (base 8) to base 4
-113311120303
Convert -3250a8 (base 11) to base 14.
-d7304
What is -1a21bb9 (base 12) in base 10?
-5519229
1201120002221 (base 3) to base 15
131807
What is -1241006 (base 8) in base 9?
-574608
Convert 906864 (base 11) to base 3.
2202002122220
123012303 (base 4) to base 11
76464
Convert 9c3886 (base 14) to base 12.
1941826
What is 6299b7 (base 12) in base 8?
5726133
What is -57ba2 (base 14) in base 2?
-110100001001010010
What is 330200001 (base 4) in base 16?
3c801
-32051025 (base 6) to base 14
-1a670d
Convert 4203300002 (base 5) to base 9.
17243513
Convert 20218648 (base 9) to base 14.
1405c3d
14042414 (base 8) to base 9
5851333
Convert 12102023 (base 4) to base 10.
25739
Convert -12011140 (base 5) to base 9.
-177111
-11110101110111010 (base 2) to base 10
-125882
-223207 (base 8) to base 13
-2841c
Convert 210122020202 (base 3) to base 8.
1477676
Convert dd11 (base 14) to base 6.
453003
34213440 (base 5) to base 2
1001010010001110101
Convert 1040600 (base 7) to base 9.
213858
-10302001 (base 4) to base 9
-28771
Convert 5d4cc7 (base 16) to base 2.
10111010100110011000111
-19ba001 (base 12) to base 4
-110313222001
-35635 (base 